 (12 - (4 - 10))?
18
What is -2 + 0 - (0 - -3) - (-4 + 5)?
-6
Evaluate (-13 - -6 - 0) + 3 + (20 - 21).
-5
Calculate (-238 - -258) + -4 + -1.
15
Calculate -49 + 19 - -16 - 1.
-15
What is -34 - 0 - (3 - -3)?
-40
What is the value of 0 + 1 - (-24 + 29) - (-10 - -7)?
-1
Evaluate -7 - -12 - 12 - (5 + -9 + 3).
-6
8 - ((-60 - -39) + 3 + -1 + 2)
25
What is the value of -26 + (16 + -22 - -55)?
23
What is (8 - 1) + 1 - ((-2 - -7) + 2)?
1
9 - (26 - 16) - 4
-5
Calculate 23 + (-9 + 5 - 3 - 3).
13
Evaluate 42 + -17 - 12 - -18.
31
Evaluate 4 + -20 - ((-3 + 7 - 2) + -2).
-16
Evaluate -13 - (-14 + 16 + -8 + 2).
-9
Evaluate (-7 - -29 - (4 + -1)) + -10.
9
(4 - -1) + (3 - 10) + (-1 - 3)
-6
Calculate (-4 - (2 - -13)) + -3 + (1 - -1).
-20
What is the value of 15 + (10 - -2 - 22) + 1?
6
What is 34 - (-13 + (21 - -14) - 15)?
27
What is the value of 31 + -11 + -2 - 12?
6
Evaluate -21 + (60 + -28 - 30).
-19
What is 0 + 6 + -3 + 5 + 5?
13
What is 4 - (31 + -14 + -17)?
4
Calculate 13 + -24 + 1 + -7.
-17
What is the value of -18 + -23 - -35 - (6 - (-1 - 0))?
-13
(-34 - -43) + (-15 - -1) + 1 - 9
-13
What is (-324 - -352) + (1 - 0) + 5?
34
20 + -1 - (20 + -2 + -9)
10
What is the value of 3 - (-6 - (-8 + 5)) - (4 - 0)?
2
Evaluate -69 + (69 - -25) + (-2 - -1 - 7).
17
Calculate (-18 + 2 - 6) + 37.
15
Evaluate 13 + -2 + 16 - 22.
5
What is -150 - -125 - (8 + 3)?
-36
What is (2 - 1) + -4 + -16 + 15?
-4
14 - ((-13 - (10 - 18)) + 10 + 2)
7
Evaluate 2 - (5 + -15 + 29).
-17
What is the value of 21 + -3 + -15 - 19?
-16
Calculate -26 - (18 + -46 + -12).
14
What is the value of 16 + -14 + 0 + -12?
-10
Calculate (30 - 14) + -14 + -19.
-17
What is (-33 - -37) + (1 + -5 - -3)?
3
Calculate (-2 - -1 - -3) + -19 + 89 + -66.
6
What is -5 + -3 + (30 - (-3 + 7 + 5))?
13
(-1 - -7) + (-1726 - -1734)
14
Evaluate -17 - (12 - 17) - -2.
-10
Evaluate 5 + -12 + 20 + 3 - 8.
8
Evaluate 59 - (52 + (17 - 28)).
18
What is the value of 10 - 1 - (-50 - -106 - 41)?
-6
Calculate -13 - -11 - (-6 + 5) - 2.
-3
Evaluate 0 - (-7 - -6 - -13).
-12
Calculate -5 - (3 - (4 - (13 - 4) - -4)).
-9
Calculate (94 - 41) + -10 - 19.
24
What is 36 + (-2 - 29) + -19?
-14
What is the value of (2 - (4 - (-15 + 8))) + 20?
11
Evaluate 8 + 7 + -1 + (14 - 26) + 14.
16
Evaluate 14 - (43 + -32 - (-1 - 1)).
1
What is 32 + -8 + (-2 - 23)?
-1
4 + (-56 - -55 - (20 + 2))
-19
What is the value of (-3 - -4) + (-5 + 2 + 14 - 5)?
7
3 - ((5 - 6) + 5) - (1 + 10)
-12
Calculate -14 - (-21 + 14) - -1.
-6
Evaluate 12 - (-8 + 12 - 3).
11
6 + 0 + (-16 - -6) - 4 - -2
-6
6 - 6 - -9 - 14
-5
Calculate 10 + (5 + -3 - 11) - (2 - 11).
10
Calculate -7 + -14 + 21 + 18.
18
Evaluate 17 + -6 + 8 - (1 - -1) - 6.
11
What is the value of (-3 - (-9 - -9)) + 5 + -3?
-1
What is the value of -6 + (20 - (-8 + 13))?
9
What is the value of 85 - 87 - (-1 + -12)?
11
18 + -25 + 15 + -22
-14
What is the value of 2 + 13 + (1382 - 1378)?
19
What is the value of 2 - -1 - (34 + -22 + 8)?
-17
Calculate -2 + 14 + -16 - (-9 - 0).
5
What is (21 - 5) + -12 + -2 + 5 + -1?
6
-18 + 25 + (-7 + 8 - (-6 + 34))
-20
((-3 - (-5 - -7)) + 13 - 4) + -6
-2
Evaluate 2 - (5 + 2) - (10 - 12).
-3
5 - ((9 - (-7 + 16)) + 21)
-16
23 - (8 - (13 + -23))
5
-3 + (-11 - (3 - (-3 + 7))) + 5
-8
What is (-2 + 5 - 20) + (-1 - (4 - 3))?
-19
What is the value of 7 - (-6 + (2 - (-6 + 0)))?
5
Evaluate -11 + (8 - 0 - 3) - (-2 + -1).
-3
Evaluate (-550 - -553) + (-2 - (-3 + 2 - 0)).
2
What is (-15 - -23) + -6 + 5 + -7?
0
Calculate -8 + 19 - 31 - (-9 - -1) - 7.
-19
What is (0 - 2 - (5 + -16 + 11)) + -18?
-20
What is -1 + 11 + (34 - 30) + -11 - -9?
12
Calculate 3 - (-3 + (-1 - -11) + 8).
-12
(9 - (2 + -6 - 12)) + -15
10
Evaluate 41 - (32 - -1) - (1 - (-2 - 30)).
-25
Calculate -63 + 37 + 32 - 35.
-29
What is 14 - (-3 - (3 - 8) - (0 - 4))?
8
Evaluate -10 - (27 - (2 - -57)).
22
Calculate -14 + (-9 - (-1 - 12)) - -10.
0
Evaluate 10 + (-7 + 9 - (1 + 4)) + 5.
12
Evaluate (1 - 2 - -13) + (10 - (15 + -7)).
14
10 + (1 - 8) + 8 + 2
13
What is the value of 8 + 5 + -6 + (-2 - 20)?
-15
Calculate -14 + 15 + -2 + (15 - 0).
14
13 + 6 + -13 + (-3 - -12)
15
What is (7 - 4 - (2 + 1)) + 4?
4
What is the value of 49 + -58 + (0 - 2 - 1) + 25?
13
(-15 - -2) + (-106 - -131)
12
Evaluate -16 + (-6 - (-3 + 3) - (-5 + -2)).
-15
What is the value of 119 - 117 - (0 - (-14 - 3) - -2)?
-17
Evaluate -8 + 20 + -1 - (-3 + 1 - -2).
11
What is (-105 - -124) + (-4 - 6)?
9
What is the value of (15 - 20) + (10 - -2) + -5?
2
What is the value of 0 + -14 + (13 - (-1 - 15))?
15
What is the value of 3 - (0 + 1) - 17 - (-23 - -17)?
-9
What is (10 - 21 - -7) + (0 - 13)?
-17
27 - (2 + -1) - ((-45 - -4) + 45)
22
What is -12 + 17 + -24 - -5?
-14
Calculate -1 + (-8 - -3) - 1.
-7
(32 - 36) + -13 - -2
-15
Evaluate 0 - (55 + -16 + -10).
-29
Evaluate (-21 - 6) + (-1 + (6 - 12) - -4).
-30
Evaluate (-3 - -11) + (-2 - 37) + 44.
13
Calculate (0 - 9) + 54 - 29.
16
(-60 - (1 + -17)) + 3 - -18
-23
-3 + 6 + -23 - (-9 - (-18 - -12))
-17
-18 + (-13 - -3) + 31
3
Calculate -5 - (4 - (10 - (-5 + 7)) - -6).
-7
What is -10 + (1 - -2 - (-11 - -15))?
-11
Evaluate -6 - (-270 + 270 + (-3 - -1 - 11)).
7
What is the value of -23 - (8 - (27 - 12))?
-16
Evaluate (22 - 3) + (3 - 7 - (3 + 0)).
12
Evaluate 14 + (-10 - 6) - (4 - (18 + -5)).
7
Evaluate (-10 - (-10 + -5 - -10 - -3)) + -10.
-18
Evaluate 5 - (0 + 7 + -2).
0
Evaluate (7 - -1) + (-3 - 0 - (41 - 49)).
13
What is the value of -26 + (2 - ((1 - -2) + 9 + -18))?
-18
Evaluate 14 + -19 + 8 + 14 - -4.
21
9 + (13 - (2 + 7))
13
What is 7 - (21 - (56 + -26))?
16
What is 12 + -13 - (3 - (17 + (-4 - -3)))?
12
Calculate (4 - (-12 - -6) - 17) + 1.
-6
(0 - 10 - (109 - 117)) + -19
-21
2 + (21 - (35 + -5))
-7
What is the value of (3 - (3 - -10 - 8)) + (6 - 0)?
4
26 - (32 - -6) - -29
17
What is the value of 222 + -212 + (-8 - (-1 - -3))?
0
What is the value of -38 + 38 + -3 + -22?
-25
What is the value of (-3 - 23) + 54 + 10?
38
Calculate (10 - (9 + -1 - 1)) + (-5 - 27).
-29
What is 11 - (6 + (-5 + 2 - -1)) - 4?
3
-8 - (-18 - ((3 - 4) + -7)) - -5
7
(2 - (-3 - 0)) + 13 + -5 + -7
6
4 + -1 + (-8 - (-2 + -16))
13
0 + 6 + 15 - (0 - (-9 + 3))
15
Calculate (9 - (-14 + 27)) + 2.
-2
What is the value of 1 + 9 + -5 + -13?
-8
12 - 6 - ((-1 + -6 - -25) + -7)
-5
Calculate -14 - (-3 + -23 - (0 - 12)).
0
20 + -34 + 11 + 1
-2
Evaluate (0 - 19 - (-4 - -7)) + -3.
-25
What is the value of -26 - -23 - (1 + (-4 - (-1 + 3)))?
2
What is -12 + -1 + 42 + -25?
4
What is 9 + (-3 - (1 - 7)) + -7?
5
What is the value of 5 + -11 + 7 + -1?
0
What is the value of 4 - 4 - (8 + 3 - 2)?
-9
What is 47 + 6 + -6 + (-9 - -1) + -4?
35
What is the value of (13 + -23 - -8) + 5 - (23 - -1)?
-21
(15 - 8) + -11 + -8
-12
What is the value of -26 + -1 + (49 - -8)?
30
What is (30 - 24) + (5 - (1 + -3 + 0))?
13
(15 - 27) + 6 + (1 - 1)
-6
Evaluate -19 + -10 + (-9 + 1 - -22).
-15
Evaluate (0 - 13) + 509 + -505.
-9
4 - (-3 - -32 - (-43 - -52))
-16
What is the value of -1 - (7 - -3) - -8 - (0 - 19)?
16
Calculate (0 - ((0 - 0) + -23 + 16)) + -12.
-5
Evaluate 21 - 3 - (-11 - -15) - (6 + -4).
12
What is the value of -12 + (7 - -10 - -5)?
10
Calculate -11 + 5 + 8 + 6 + 3 + -5.
6
What is (-1 - (1 - (7 - 5))) + 21?
21
-16 - (-5 + 17 - 15)
-13
Calculate -17 - (-9 - (6 + -1)).
-3
What is the value of (-11 - -18 - 10) + 23?
20
What is the value of (-3 - -13 - 2) + (118 - 132)?
-6
-46 - -39 - (8 - (12 + -7))
-10
What is -3 + 33 - 40 - 12?
-22
Evaluate (11 - (0 - -3)) + (17 - 41 - -15).
-1
What is -30 - (-44 + 19) - (-16 + 0)?
11
What is the value of (30 - (-26 + 75)) + 4?
-15
Evaluate 15 - (-20 + 3) - 18.
14
What is -3 + (20 - (19 + -20))?
18
What is 6 + (8 - (11 - -8)) + 13?
8
Calculate 8 + (12 - (-3 - -11)).
12
What is (-20 - -13) + 21 - 16?
-2
Calculate (12 - (8 + -12)) + -8.
8
-1 - -8 - (-5 - 15 - (-10 - 19))
-2
Calculate -6 - -9 - -10 - (30 - 11).
-6
(-1 - -32) + (-66 - -11)
-24
What is the value of (-13 - 6) + (20 - (12 + 12))?
-23
What is the value of -32 + (63 - 38) + (1 - 5)?
-11
What is the value of 13 + -18 + 9 + 8?
12
What is the value of (-26 - 1) + (-2 - -18 - (-49 - -58))?
-20
12 + -16 - (7 + (-5 - 0) + 0)
-6
3 + 3 + -12 - -2 - -34
30
What is the value of 17 + -3 - (-14 - 0 - -19)?
9
Calculate -1 + 7 + (-29 - (-18 + 4)) + 29.
20
(-2 - -2) + (-1 - (-8 - (-4 - -3)))
6
7 + (-6 + 4 - -2)
7
Calculate (30 - -1) 